te the greatest common factor of 326 and 10.
2
What is the highest common factor of 1111 and 55?
11
What is the greatest common factor of 51 and 19193?
17
What is the highest common divisor of 105 and 126?
21
What is the highest common divisor of 15 and 165?
15
What is the greatest common factor of 9 and 63?
9
What is the highest common factor of 152 and 1368?
152
Calculate the highest common factor of 70 and 21.
7
Calculate the greatest common divisor of 23 and 32177.
23
What is the greatest common divisor of 12 and 342?
6
Calculate the highest common divisor of 814 and 110.
22
What is the highest common factor of 1269 and 135?
27
Calculate the highest common divisor of 319 and 22.
11
What is the highest common factor of 3 and 381?
3
Calculate the highest common divisor of 672 and 98.
14
What is the highest common factor of 212 and 188?
4
Calculate the greatest common divisor of 188 and 235.
47
Calculate the greatest common divisor of 1308 and 48.
12
What is the highest common factor of 22 and 451?
11
What is the greatest common factor of 1010 and 13534?
202
What is the highest common divisor of 84 and 114996?
84
Calculate the highest common divisor of 17 and 187.
17
Calculate the highest common factor of 169 and 11323.
169
What is the highest common divisor of 630 and 2070?
90
What is the highest common divisor of 1813 and 1591?
37
Calculate the highest common divisor of 348 and 290.
58
What is the highest common divisor of 70 and 385?
35
Calculate the greatest common factor of 6 and 429.
3
Calculate the greatest common divisor of 528 and 99.
33
Calculate the greatest common factor of 806 and 1054.
62
What is the highest common divisor of 10 and 430?
10
What is the highest common factor of 972 and 432?
108
Calculate the highest common factor of 4025 and 322.
161
Calculate the highest common divisor of 5 and 7.
1
Calculate the highest common divisor of 630 and 270.
90
What is the greatest common factor of 6893 and 113?
113
Calculate the highest common factor of 20 and 15740.
20
What is the highest common factor of 13 and 14417?
13
Calculate the highest common factor of 2 and 43.
1
Calculate the highest common divisor of 100 and 220.
20
What is the highest common factor of 3296 and 1545?
103
Calculate the highest common divisor of 214 and 963.
107
What is the highest common divisor of 309 and 12154?
103
Calculate the greatest common divisor of 376 and 47.
47
What is the greatest common divisor of 122 and 15494?
122
What is the greatest common factor of 38 and 57?
19
Calculate the greatest common factor of 216 and 594.
54
What is the highest common divisor of 232 and 23084?
116
What is the greatest common divisor of 230 and 50?
10
Calculate the greatest common divisor of 495 and 10.
5
What is the highest common divisor of 63 and 14?
7
What is the highest common divisor of 1682 and 58?
58
What is the highest common divisor of 35 and 280?
35
What is the highest common divisor of 14121 and 81?
27
What is the highest common factor of 87 and 3?
3
Calculate the greatest common divisor of 338 and 20111.
169
Calculate the greatest common divisor of 256 and 160.
32
What is the greatest common divisor of 136 and 328?
8
Calculate the greatest common divisor of 27 and 26010.
9
Calculate the greatest common factor of 2241 and 81.
27
Calculate the greatest common factor of 982 and 2.
2
What is the highest common factor of 483 and 138?
69
What is the greatest common divisor of 180 and 36?
36
What is the greatest common divisor of 5168 and 1496?
136
What is the greatest common factor of 315 and 252?
63
Calculate the highest common factor of 570 and 540.
30
What is the greatest common factor of 476 and 28?
28
What is the greatest common divisor of 152 and 16?
8
Calculate the highest common factor of 35 and 3.
1
Calculate the highest common divisor of 2080 and 4.
4
Calculate the greatest common divisor of 13 and 481.
13
What is the highest common factor of 160 and 96?
32
What is the highest common divisor of 22 and 1034?
22
Calculate the greatest common factor of 49649 and 379.
379
Calculate the greatest common divisor of 187 and 170.
17
What is the highest common factor of 12 and 5952?
12
What is the highest common divisor of 6878 and 76?
38
Calculate the greatest common divisor of 4345 and 55.
55
Calculate the greatest common factor of 43 and 25499.
43
Calculate the highest common factor of 441 and 18.
9
Calculate the greatest common factor of 630 and 30.
30
What is the greatest common divisor of 72 and 6144?
24
Calculate the greatest common factor of 4683 and 21.
21
Calculate the highest common factor of 3 and 229.
1
Calculate the highest common factor of 16 and 3888.
16
What is the highest common divisor of 387 and 27?
9
Calculate the highest common factor of 110 and 8558.
22
What is the greatest common factor of 8 and 32?
8
What is the highest common factor of 2835 and 105?
105
Calculate the greatest common divisor of 86 and 2494.
86
Calculate the highest common factor of 5810 and 83.
83
Calculate the greatest common divisor of 13 and 481.
13
What is the greatest common factor of 14 and 5663?
7
Calculate the greatest common divisor of 406 and 58.
58
What is the highest common factor of 249 and 664?
83
What is the highest common factor of 27 and 69?
3
Calculate the highest common factor of 88 and 2574.
22
Calculate the highest common factor of 217 and 49.
7
What is the highest common factor of 196 and 126?
14
What is the highest common factor of 32 and 4?
4
Calculate the greatest common factor of 156 and 767.
13
What is the highest common divisor of 126 and 2142?
126
Calculate the greatest common divisor of 95 and 265.
5
Calculate the greatest common divisor of 4 and 11384.
4
Calculate the greatest common factor of 14 and 566.
2
What is the greatest common factor of 315 and 60?
15
What is the greatest common divisor of 64 and 256?
64
Calculate the highest common divisor of 45 and 711.
9
What is the greatest common divisor of 192 and 40?
8
Calculate the highest common factor of 255 and 3135.
15
What is the greatest common divisor of 355 and 10579?
71
What is the greatest common factor of 162 and 36?
18
Calculate the greatest common factor of 3441 and 62.
31
Calculate the highest common divisor of 83 and 415.
83
What is the greatest common factor of 414 and 6072?
138
What is the highest common factor of 64 and 2?
2
What is the greatest common divisor of 9 and 33?
3
Calculate the greatest common divisor of 238 and 28.
14
What is the greatest common divisor of 102 and 78?
6
Calculate the highest common factor of 22570 and 370.
370
Calculate the highest common divisor of 104 and 416.
104
What is the greatest common divisor of 163 and 2?
1
What is the greatest common factor of 132 and 297?
33
Calculate the highest common divisor of 705 and 225.
15
What is the greatest common factor of 74 and 18537?
37
Calculate the greatest common divisor of 1755 and 3900.
195
Calculate the highest common divisor of 4717 and 159.
53
Calculate the highest common divisor of 4998 and 102.
102
Calculate the highest common factor of 30 and 330.
30
Calculate the highest common factor of 14 and 4074.
14
Calculate the highest common factor of 1260 and 54.
18
What is the greatest common factor of 8 and 2776?
8
What is the highest common factor of 3 and 31?
1
What is the highest common factor of 3570 and 84?
42
Calculate the highest common divisor of 23 and 229.
1
What is the greatest common divisor of 34893 and 9?
9
Calculate the greatest common divisor of 36 and 4770.
18
Calculate the greatest common factor of 114 and 2850.
114
What is the greatest common divisor of 81 and 1296?
81
Calculate the greatest common factor of 2336 and 512.
32
What is the greatest common factor of 28 and 2674?
14
What is the highest common factor of 68 and 16?
4
Calculate the highest common divisor of 3084 and 12.
12
Calculate the greatest common divisor of 106 and 17490.
106
What is the greatest common factor of 1085 and 7?
7
What is the greatest common factor of 33 and 187?
11
What is the greatest common factor of 348 and 468?
12
What is the greatest common divisor of 2583 and 189?
63
What is the highest common factor of 6 and 3?
3
Calculate the highest common divisor of 851 and 1147.
37
What is the high